t h(l) = 3*f(l) - 4*w(l). What is the tens digit of h(1)?
3
Let k(t) = t + 5. Let c be k(-9). What is the tens digit of (c/(-5))/(1/20)?
1
What is the units digit of 2/6*120/8?
5
Suppose -2*g - 4*l = -14, 2*g + g = l + 7. Let t = 27 - 11. Suppose -2*f = -g*i + 20, 0 = -0*i + i + 4*f - t. What is the units digit of i?
8
Let c(x) = x**2 - x - 1. Let j be c(-2). Suppose -j*s + 155 = -60. Let y = s + -28. What is the tens digit of y?
1
Let b = 255 - 173. What is the tens digit of b?
8
Suppose -45 + 177 = 2*t - 3*f, 4*f + 8 = 0. Suppose -4*z - 3*w - 2*w = -t, 3*w = -z + 21. What is the tens digit of z?
1
Suppose 12 = -3*f + 5*f. What is the units digit of f?
6
Let t = 3 - 0. Suppose -5*l + 5 = -5*n, 5*l - t*l - 20 = -4*n. What is the units digit of n?
3
Let t(p) = -p**3 - 6*p**2 - 2*p - 9. Let z be t(-6). Suppose 0 = l - z, 0 = 5*d - 5*l + l - 83. What is the units digit of d?
9
Suppose -5*o = 8 + 2. Let u be -1 + 10*(-1)/o. Suppose s + u*s - 5 = 0, -f = -3*s - 3. What is the units digit of f?
6
Suppose -14 = -2*i + 16. Suppose w - 4*w = -i. Suppose -4*s + 10 = 2*j - j, -w*s + 21 = -3*j. What is the units digit of s?
3
Let j be (-2)/(2 - (-11)/(-6)). Let q be (-8)/6 - (-8)/j. What is the units digit of q*2/4*-3?
3
Suppose 13*a - 3402 = -a. What is the units digit of a?
3
Let b = -88 + 221. What is the tens digit of b?
3
Let p = 3 - -2. Suppose 0 = r + p*a - 19, -2*r + 0*r + 2*a + 2 = 0. What is the units digit of r?
4
Let u(p) = 5*p + 15. Let g be u(-6). What is the units digit of (-10)/g*63/2?
1
Let k(u) = u**3 + 4*u**2 + 2*u - 1. Let d be k(-3). Suppose o + 9 = 3*y, -2*o = -0*o + d*y - 22. What is the units digit of o?
6
Suppose 0 = 2*r + 2*r - 2*d - 20, 0 = 3*r - 5*d - 29. Let i = r - -4. What is the units digit of i?
7
Suppose 11*x - 1548 = -283. What is the tens digit of x?
1
Suppose -5*h = y - 91, -3*h + h + 40 = 4*y. What is the units digit of h?
8
Let q = -61 - -34. Let s = q - -39. What is the units digit of s?
2
Let w(l) = -4*l - l**3 + 0*l**2 + 3 + 2*l + 4*l**2 + 2*l**3. What is the tens digit of w(-4)?
1
Suppose -4*g = -3*q + 17, -q - 4*g = -3*g - 8. What is the units digit of q?
7
Let j = -6 + 6. Suppose j*c - 42 = -3*c. What is the units digit of c?
4
Suppose 0 = 5*x + 42 - 117. What is the tens digit of x?
1
Suppose -3*u - 4 = -5*u. Suppose h - u*h - 3*q = -19, 0 = -q + 5. What is the units digit of h?
4
Let z = 42 + -13. What is the units digit of z?
9
Let p(b) = -4*b - 13. Let u(y) = -y - 3. Let s(o) = -2*p(o) + 9*u(o). Let q = -9 + 3. What is the units digit of s(q)?
5
Let b(g) = g - 4. Let w be b(8). Suppose 2*o = h + 81, -5*h + w = 19. What is the units digit of o?
9
Suppose 3*d = 4*u + 71 - 6, 3*u = -3*d + 30. What is the units digit of 2/(-10) - (-18)/d?
1
Suppose 0 = i + 3*i - 8. Let o = -2 - -4. Suppose 5*k = i*f - o + 4, 2*k = f. What is the units digit of k?
2
Let s be ((-4)/(-2) - 0) + -8. Let h(l) = l - 1 - 3*l - 5 + 1. What is the units digit of h(s)?
7
Let h = 53 + -17. What is the tens digit of h?
3
Let x be -1*-4*(-20)/(-8). Let b(s) = s**2 - 7*s + 3. What is the tens digit of b(x)?
3
Suppose -5*g + 66 - 176 = 0. What is the units digit of 4/g - (-48)/22?
2
Let a = 195 - 41. What is the hundreds digit of a?
1
Let v = -3 + 6. Suppose 8 = -2*n + 4*n, 5*n + 16 = v*i. What is the units digit of i?
2
Suppose -1 = -4*b - 5*o - 0, -o = -5. Let v be ((-8)/b)/(18/27). Suppose v*k - 6 = 8. What is the units digit of k?
7
Let z(m) = -6*m. Let v be z(-3). Let x = v + -12. Suppose 2*q = x*q - 4. What is the units digit of q?
1
Let f = 57 - -133. What is the hundreds digit of f?
1
Suppose -5*w + 5 = 0, 3*l + 7 = 5*l + w. Suppose -l*u + a = 4*a - 15, -23 = -u + 5*a. What is the units digit of u?
8
Let h(i) = 8*i**2 + 4*i + 8. What is the hundreds digit of h(-6)?
2
Let z(r) = 2*r - 3. Let t be z(3). Suppose g + t*b + 0*b + 8 = 0, 2*b = g - 12. Suppose g = 2*l, -l + 16 = 4*p + 3*l. What is the units digit of p?
2
Let j = 6 + -11. Let l(r) = 2 - 3*r**3 + 5 - 6*r**2 + 2*r**3 - 5*r. What is the units digit of l(j)?
7
Let t(f) = f. Suppose 2*m + 5*l = 17, -2*l - 56 = -5*m - l. Suppose -4*b = 5*x - 30, 3*x = 6*x + b - m. What is the units digit of t(x)?
2
Suppose 160 = -2*v - 2*r + 856, 4*v = -r + 1407. What is the hundreds digit of v?
3
Let u(t) = 2*t - 7. Let c be u(7). Suppose -4*i - 18 = -c*i. What is the units digit of i?
6
Let x(s) = -s**3 - 5*s**2 + 5*s - 1. Let w be x(-6). Let a = w - 3. What is the units digit of a?
2
Let j be 1 + 2 - (-32 - -1). Suppose -j - 32 = -2*v + 3*x, -5*v - 5*x + 115 = 0. What is the tens digit of v?
2
Suppose 0 = -0*m - m + 5. Suppose -m*g + 0 = -10. What is the units digit of -1 + 6 + -2 + g?
5
Suppose 3*g + 3*l = 12, 0 = 2*l + 2*l + 4. Suppose -4*a - 10 = -g*a. What is the units digit of a?
0
Let c(h) = -h**3 - 5*h**2 - 9*h - 5. What is the units digit of c(-3)?
4
Let g(j) = -2*j**3 - j**2 + 3*j + 1. Let d be g(-2). Suppose 4 + 2 = c - 4*r, -3*r = -c + d. What is the units digit of c?
0
Suppose -n + 29 = -5*h, 25 = -5*h + 4*n + n. What is the units digit of (h/4)/(48/(-608))?
9
Let y be 16/(-24) - (-22)/6. What is the tens digit of (y/(-2))/1*-28?
4
Let l(i) = 2*i**2 - 2. Let j be l(2). Let c = 10 - j. Suppose 0 = d + d - c. What is the units digit of d?
2
Suppose 4*l - l - 78 = 0. What is the tens digit of l?
2
Let i = 8 - 14. Let f = i + 9. Suppose 0 = 2*p + f*p - 15. What is the units digit of p?
3
Suppose -y + 5*y - 64 = -3*m, 2*m = -5*y + 80. Suppose -4*n + 6*j = 5*j - y, -3*n = -2*j - 7. What is the units digit of n?
5
Suppose 3*g = 63 - 165. What is the tens digit of 1/(((-8)/g)/4)?
1
Let r = -15 - -19. What is the units digit of r?
4
Let a = -8 - -12. What is the units digit of (-4)/(-1)*6/a?
6
Suppose 3*y + 61 = 5*b, 4*b + 6*y - y - 71 = 0. Suppose n = 3*q - 1 + b, -5*n - 2*q - 20 = 0. What is the units digit of n/(-8) - (-142)/8?
8
Let j be (3 + 0)/((-3)/(-5)). Suppose 6 = -4*r - 5*s, r + 2 + j = -4*s. What is the units digit of r?
1
Suppose 9 = -2*y - 3*a, 6*y - 5*a = 4*y - 17. What is the units digit of (-1)/3 - 8/y?
1
Let i(g) = -4*g**3 - 2*g**2 + 3*g + 2. Let d be i(-2). Suppose -j + 5*j - d = 0. What is the units digit of j?
5
Let v(n) = n**2 + 6*n + 5. Let c be v(-6). Suppose -c*d - 10 = -60. What is the units digit of d?
0
Suppose -4*j - 1 = 3. What is the units digit of 6/4*(1 - j)?
3
Let m be (-2)/(-2) - (-1 + 4). Let j be (m/3)/((-7)/42). Suppose 2*y - i = i + 30, -j*i = -5*y + 73. What is the units digit of y?
3
Let y = 17 + 1. Suppose y = 2*g - 0*g. Suppose 3*h - 3 = 3*b, -2*b + g*h = 4*h + 14. What is the units digit of b?
3
Let z = 6 + -10. Let i(h) = 3*h**2 + 3*h - 4. What is the tens digit of i(z)?
3
Suppose 2*d = -1 + 9. Suppose 0*q - d*q - 16 = 0. What is the units digit of (-1)/(-1)*(0 - q)?
4
Let r = 381 + -217. What is the hundreds digit of r?
1
Let a(m) = 6*m + 4*m + 6 - 2*m + m**2. Let c be a(-4). Let k = c + 16. What is the units digit of k?
6
Suppose -3*u = -7*u + 4. Let w = 0 - u. What is the units digit of -1*5/(-1) + w?
4
Suppose -z = -5*i + 475, 3*z + 273 = 3*i - 0*z. What is the units digit of i?
6
Suppose -4*x - 16 = -136. What is the tens digit of x?
3
Let j(q) = q - 10. Let r(a) = -5. Let v(l) = -3*j(l) + 5*r(l). What is the units digit of v(-6)?
3
Let h(q) = 18*q**2 + 2*q + 3. Let y be h(3). Let d = y - 116. Suppose 4*x = -x + d. What is the tens digit of x?
1
Suppose 2*v = 51 + 17. What is the tens digit of v?
3
Suppose -45 = -0*t - 2*t + 5*q, -5*t + 35 = 3*q. Suppose 3*c + 2 = -t. What is the units digit of (-38)/c - 1/(-2)?
0
Let z(v) = 38 - 38 - 2*v. Let h(l) = l**3 + l**2 - l - 2. Let u be h(0). What is the units digit of z(u)?
4
What is the units digit of (-20)/6*48/(-5)?
2
Let h(l) = l**3 + 16*l**2 + 13*l - 2. What is the units digit of h(-15)?
8
Suppose 5*g = 9 - 4. What is the units digit of g?
1
Let w(z) = 15*z**3 - z**2 - 5. Let b(c) = -15*c**3 + c**2 + 4. Let m(t) = 6*b(t) + 5*w(t). What is the tens digit of m(-1)?
1
Suppose 331 + 53 = 2*v. What is the units digit of v?
2
Let h(y) = -y**3 + 4*y**2 + 2*y - 5. Let s be h(4). What is the units digit of 8/(-12) - (-17)/s?
5
Suppose 0*t + 4*t - 56 = 0. Let b be (-2)/(0 + (-6)/9). Suppose 10 = b*x - t. What is the units digit of x?
8
Let u(b) = 4*b**3 - 12*b**2 - b. Let t(f) = -11*f**3 + 35*f**2 +